{"id":8,"date":"2023-04-26T15:41:57","date_gmt":"2023-04-26T15:41:57","guid":{"rendered":"https:\/\/test.xn--katuseplekitd-tmba.ee\/?page_id=8"},"modified":"2024-03-03T16:12:45","modified_gmt":"2024-03-03T16:12:45","slug":"contact","status":"publish","type":"page","link":"https:\/\/xn--katuseplekitd-tmba.ee\/?page_id=8","title":{"rendered":"Kontakt"},"content":{"rendered":"\n<div class=\"wp-block-cover alignfull\" style=\"min-height:300px;aspect-ratio:unset;\"><span aria-hidden=\"true\" class=\"wp-block-cover__background has-nv-site-bg-background-color has-background-dim-100 has-background-dim\"><\/span><div class=\"wp-block-cover__inner-container is-layout-flow wp-block-cover-is-layout-flow\">\n<div class=\"wp-block-group\"><div class=\"wp-block-group__inner-container is-layout-flow wp-block-group-is-layout-flow\">\n<h1 class=\"wp-block-heading has-text-align-left has-neve-text-color-color has-text-color\">V\u00f5ta meiega \u00fchendust!<\/h1>\n<\/div><\/div>\n<\/div><\/div>\n\n\n\n<div class=\"wp-block-cover alignfull\" style=\"min-height:420px;aspect-ratio:unset;\"><span aria-hidden=\"true\" class=\"wp-block-cover__background has-nv-light-bg-background-color has-background-dim-100 has-background-dim\"><\/span><div class=\"wp-block-cover__inner-container is-layout-flow wp-block-cover-is-layout-flow\">\n<div style=\"height:80px\" aria-hidden=\"true\" class=\"wp-block-spacer\"><\/div>\n\n\n\n<div class=\"wp-block-columns is-layout-flex wp-container-core-columns-is-layout-9d6595d7 wp-block-columns-is-layout-flex\">\n<div class=\"wp-block-column is-layout-flow wp-block-column-is-layout-flow\">\n<div style=\"height:24px\" aria-hidden=\"true\" class=\"wp-block-spacer\"><\/div>\n\n\n<div class=\"wp-block-image icon-style is-style-rounded\">\n<figure class=\"aligncenter size-full is-resized\"><img loading=\"lazy\" decoding=\"async\" width=\"980\" height=\"982\" src=\"https:\/\/xn--katuseplekitd-tmba.ee\/wp-content\/uploads\/2024\/03\/kisspng-clip-art-portable-network-graphics-computer-icons-call-svg-png-icon-free-download-5-9324-online-5ca6fbd43c74c9.6135582015544473162476.png\" alt=\"\" class=\"wp-image-81\" style=\"width:48px;height:48px\" srcset=\"https:\/\/xn--katuseplekitd-tmba.ee\/wp-content\/uploads\/2024\/03\/kisspng-clip-art-portable-network-graphics-computer-icons-call-svg-png-icon-free-download-5-9324-online-5ca6fbd43c74c9.6135582015544473162476.png 980w, https:\/\/xn--katuseplekitd-tmba.ee\/wp-content\/uploads\/2024\/03\/kisspng-clip-art-portable-network-graphics-computer-icons-call-svg-png-icon-free-download-5-9324-online-5ca6fbd43c74c9.6135582015544473162476-300x300.png 300w, https:\/\/xn--katuseplekitd-tmba.ee\/wp-content\/uploads\/2024\/03\/kisspng-clip-art-portable-network-graphics-computer-icons-call-svg-png-icon-free-download-5-9324-online-5ca6fbd43c74c9.6135582015544473162476-150x150.png 150w, https:\/\/xn--katuseplekitd-tmba.ee\/wp-content\/uploads\/2024\/03\/kisspng-clip-art-portable-network-graphics-computer-icons-call-svg-png-icon-free-download-5-9324-online-5ca6fbd43c74c9.6135582015544473162476-768x770.png 768w\" sizes=\"auto, (max-width: 980px) 100vw, 980px\" \/><\/figure>\n<\/div>\n\n\n<h3 class=\"wp-block-heading has-text-align-center has-neve-text-color-color has-text-color\">Helista!<\/h3>\n\n\n\n<p class=\"has-text-align-center has-neve-text-color-color has-text-color\" style=\"font-size:15px\">+372 506 79 07<\/p>\n\n\n\n<div style=\"height:24px\" aria-hidden=\"true\" class=\"wp-block-spacer\"><\/div>\n<\/div>\n\n\n\n<div class=\"wp-block-column is-layout-flow wp-block-column-is-layout-flow\">\n<div style=\"height:24px\" aria-hidden=\"true\" class=\"wp-block-spacer\"><\/div>\n\n\n<div class=\"wp-block-image icon-style is-style-rounded\">\n<figure class=\"aligncenter size-full is-resized\"><img loading=\"lazy\" decoding=\"async\" width=\"980\" height=\"980\" src=\"https:\/\/xn--katuseplekitd-tmba.ee\/wp-content\/uploads\/2024\/03\/kisspng-email-computer-icons-5ae30d9c20d491.8393865015248295961345.png\" alt=\"\" class=\"wp-image-80\" style=\"width:48px;height:48px\" srcset=\"https:\/\/xn--katuseplekitd-tmba.ee\/wp-content\/uploads\/2024\/03\/kisspng-email-computer-icons-5ae30d9c20d491.8393865015248295961345.png 980w, https:\/\/xn--katuseplekitd-tmba.ee\/wp-content\/uploads\/2024\/03\/kisspng-email-computer-icons-5ae30d9c20d491.8393865015248295961345-300x300.png 300w, https:\/\/xn--katuseplekitd-tmba.ee\/wp-content\/uploads\/2024\/03\/kisspng-email-computer-icons-5ae30d9c20d491.8393865015248295961345-150x150.png 150w, https:\/\/xn--katuseplekitd-tmba.ee\/wp-content\/uploads\/2024\/03\/kisspng-email-computer-icons-5ae30d9c20d491.8393865015248295961345-768x768.png 768w\" sizes=\"auto, (max-width: 980px) 100vw, 980px\" \/><\/figure>\n<\/div>\n\n\n<h3 class=\"wp-block-heading has-text-align-center has-neve-text-color-color has-text-color\">Email<\/h3>\n\n\n\n<p class=\"has-text-align-center has-neve-text-color-color has-text-color\" style=\"font-size:15px\">katuseplekid@gmail.com<\/p>\n\n\n\n<div style=\"height:24px\" aria-hidden=\"true\" class=\"wp-block-spacer\"><\/div>\n<\/div>\n<\/div>\n\n\n\n<div style=\"height:30px\" aria-hidden=\"true\" class=\"wp-block-spacer\"><\/div>\n<\/div><\/div>\n\n\n\n<p class=\"has-text-align-center\">Katuse Plekit\u00f6\u00f6de O\u00dc<br>Tel: +372 506 79 07<br>Kontaktisik: Margus Sonist<br>E-Post: katuseplekid@gmail.com<br>Reg nr: 12037480<br>KMKR: EE101420071<\/p>\n","protected":false},"excerpt":{"rendered":"<p>Katuse Plekit\u00f6\u00f6de O\u00dcTel: +372 506 79 07Kontaktisik: Margus SonistE-Post: katuseplekid@gmail.comReg nr: 12037480KMKR: EE101420071<\/p>\n","protected":false},"author":1,"featured_media":0,"parent":0,"menu_order":0,"comment_status":"closed","ping_status":"closed","template":"","meta":{"neve_meta_sidebar":"","neve_meta_container":"","neve_meta_enable_content_width":"on","neve_meta_content_width":100,"neve_meta_title_alignment":"","neve_meta_author_avatar":"","neve_post_elements_order":"","neve_meta_disable_header":"","neve_meta_disable_footer":"","neve_meta_disable_title":"on","footnotes":""},"class_list":["post-8","page","type-page","status-publish","hentry"],"_links":{"self":[{"href":"https:\/\/xn--katuseplekitd-tmba.ee\/index.php?rest_route=\/wp\/v2\/pages\/8","targetHints":{"allow":["GET"]}}],"collection":[{"href":"https:\/\/xn--katuseplekitd-tmba.ee\/index.php?rest_route=\/wp\/v2\/pages"}],"about":[{"href":"https:\/\/xn--katuseplekitd-tmba.ee\/index.php?rest_route=\/wp\/v2\/types\/page"}],"author":[{"embeddable":true,"href":"https:\/\/xn--katuseplekitd-tmba.ee\/index.php?rest_route=\/wp\/v2\/users\/1"}],"replies":[{"embeddable":true,"href":"https:\/\/xn--katuseplekitd-tmba.ee\/index.php?rest_route=%2Fwp%2Fv2%2Fcomments&post=8"}],"version-history":[{"count":4,"href":"https:\/\/xn--katuseplekitd-tmba.ee\/index.php?rest_route=\/wp\/v2\/pages\/8\/revisions"}],"predecessor-version":[{"id":82,"href":"https:\/\/xn--katuseplekitd-tmba.ee\/index.php?rest_route=\/wp\/v2\/pages\/8\/revisions\/82"}],"wp:attachment":[{"href":"https:\/\/xn--katuseplekitd-tmba.ee\/index.php?rest_route=%2Fwp%2Fv2%2Fmedia&parent=8"}],"curies":[{"name":"wp","href":"https:\/\/api.w.org\/{rel}","templated":true}]}}